 - 15. Let h be z(6). Let d be -2*h/(-18)*-21. Give f(d).
-5
Let q(y) = 1. Let p(w) = w - 3. Let x(k) = -p(k) - 6*q(k). Give x(-6).
3
Let i(h) be the third derivative of h**4/24 - h**3/2 + h**2. Let w be 0/(-1) - -1 - -5. Calculate i(w).
3
Let a = -18 - -10. Let h(x) = -x - 11. What is h(a)?
-3
Let j(d) = -d**2 - 4*d + 4. Let f be j(-5). Let i(u) = 6*u - 28*u + 7*u + 5*u. Calculate i(f).
10
Let i be -7 - (0 + (2 - 4)). Let y(o) = -10 + 0*o**2 + 4*o**2 + 4 + o**3 - 3*o. What is y(i)?
-16
Let h(c) = c**2 + 4*c + 1. Let f be h(-5). Suppose -w = 2*w - f. Suppose w*i = -2 + 8. Let t(o) = o**2 - 3*o. Calculate t(i).
0
Let n = 2 + 3. Let f(r) = 6*r - r**3 + r - 11 + 4*r**2 - 5 + 0*r + 11. Calculate f(n).
5
Let p(a) = -1 - 2*a - a - 2. Suppose 3*g - 12 = 0, -m + g - 19 = 4*m. Give p(m).
6
Let l(f) = -2 + f + 8*f**2 + 0*f**3 + 5*f**2 - 7*f**2 - f**3. Give l(6).
4
Let g(r) = r**3 - 2*r**2 - 3*r - 1. Suppose 0 = 2*v - 0 - 6. Calculate g(v).
-1
Let z(b) = 2*b**2 - 4*b + 2. Let q be z(2). Let k(c) = 3*c - 6*c + 2*c + q. Let a be 15/2*(-18)/(-27). Determine k(a).
-3
Suppose 0 = 5*l - 2*l, -4*t + 5*l = -8. Suppose -6*p - t*x = -2*p - 20, 13 = -p + 4*x. Let r(y) = 2*y - 7*y + p*y. Give r(-1).
2
Let r(a) = 197*a**2 - 5*a - 393*a**2 - 1 + a**3 + 194*a**2. What is r(4)?
11
Suppose 6*f = f + 20. Let j(r) = -3*r**2 - r + 2. Let q = -3 + 2. Let t(w) = w**2 - w. Let z(d) = q*j(d) - 4*t(d). What is z(f)?
2
Let r(p) = -p - 2. Let m = 0 + -2. Let u be 3 - (-2*1 - m). Let t be r(u). Let x(o) = -o**3 - 4*o**2 + 6*o + 1. Determine x(t).
-4
Let i(o) be the third derivative of o**7/840 + o**6/60 - o**5/120 + o**4/6 - 2*o**3/3 - o**2. Let z(l) be the first derivative of i(l). Determine z(-6).
10
Let q(y) = -y + 4. Let n(p) = -7*p**3 + p**2 - 2. Let u be n(1). Determine q(u).
12
Suppose 4 - 2 = -2*a. Let q(k) = -k + 19. Let v be q(16). Let u(m) = -2*m**2 + 1 - 5*m - 3*m + 3*m**v + 8*m. Calculate u(a).
-4
Let t(z) be the first derivative of z**2/2 + 9*z + 7. Calculate t(-4).
5
Let j(v) = -v**3 + 7*v**2 - 6*v + 4. Let c be j(6). Let p(o) = 1 - c - 5*o**2 + o**2 - 3*o + o**3. Determine p(5).
7
Let b = 14 - 12. Let z(k) = 11*k**2 - 1 - 1 - 10*k**b. Give z(2).
2
Let k(l) = -l + 4. Let b(s) = -53*s - 3 - 2 + 54*s. Let g be b(9). Calculate k(g).
0
Suppose -4*i - 4*q = -5*q - 7, 3*i - 9 = 2*q. Let a(z) = z - 6*z**3 - z**2 - 4*z**2 + 3*z**2. Calculate a(i).
-7
Let i(m) = -238*m**2 + 0*m**3 + 231*m**2 - 5*m - m**3 + 2. Suppose -j + 0*z = 3*z + 12, -2*z = 4. What is i(j)?
-4
Let k(s) = -s - 2. Let f(z) = 37*z**3 + z - 1. Let x be f(1). Suppose -2*y - 10 = 0, -4*y - x = -3*j + 1. Let q = -11 + j. Calculate k(q).
3
Let w be (-4 - -5)/((-1)/(-2)). Suppose -4*d = -0*d - 8. Let y(t) = -7*t**w + 0*t + t**d + t. Determine y(1).
-5
Suppose c - 15 = -4*c. Let n(m) be the first derivative of 1/2*m**2 - 3 - 6*m. Give n(c).
-3
Let n(c) = c**3 - c**2 + 1. Let b be n(2). Let h(v) = -5 + v**2 - 4*v**2 + 3*v**2 - 7*v + v**3 - b*v**2. Calculate h(6).
-11
Let m(x) = 2*x + 4 - 2*x**2 - 3 + 4*x**2. Calculate m(-2).
5
Let r(s) be the first derivative of -s**4/4 - s**3 + s**2/2 - s - 2. Suppose -6 + 0 = -2*g. Suppose g*x + 6 = -4*m - 3, 3*m + 4*x = -5. Give r(m).
-4
Let l(r) be the third derivative of -r**4/24 + 2*r**3/3 + 4*r**2. Calculate l(6).
-2
Suppose 4*n - 5*g - 25 = 0, 3*n = -3*g + 11 + 1. Let v(s) = -s**2 + 4*s - 2. Calculate v(n).
-7
Let r(s) = -2*s**2 + 12*s + 11. Let m(j) = j**2 - 6*j - 6. Let u(p) = -5*m(p) - 2*r(p). What is u(6)?
8
Let z(o) be the first derivative of 1/4*o**4 + 2*o**3 - 5 + 0*o**2 + 7*o. Give z(-6).
7
Let c(i) = -i**3 + i. Let t be ((-2)/4)/(2 + 27/(-12)). Determine c(t).
-6
Suppose 0 = 2*s - 0 - 4. Let n(g) = 5*g - g**s - 5*g - g**3 + 4. Let p be 1/3 - 2/6. Give n(p).
4
Let u be (6/(-4))/(3/(-4)). Let j(z) be the third derivative of 0*z - 6*z**2 + 0 - 1/12*z**4 + 1/2*z**3. What is j(u)?
-1
Let g(y) = -y**3 - y + 3. Let c(h) = -h**2 - 2*h. Let z be c(-2). Suppose z = 3*d + 2*d. Give g(d).
3
Let n(q) be the third derivative of 1/120*q**6 - 1/15*q**5 + 0 + 0*q**3 - 4*q**2 + 1/8*q**4 + 0*q. Determine n(2).
-2
Let b(j) be the second derivative of -j**7/2520 + j**6/360 - j**4/12 - 2*j. Let w(p) be the third derivative of b(p). What is w(3)?
-3
Let t(f) = -2 - f - 3 + 6. Let s be t(-5). Let c(l) = -3*l + 1 + 4 - s. Give c(-1).
2
Let p(v) = v**3 - 10*v**2 - 11*v - 10. Let c be p(11). Let m(b) = b**2 + 9*b + 1. Calculate m(c).
11
Suppose 22 = 9*d - 23. Let k(q) = 7*q**2 - 7*q + 4. Let a(y) = y**2 + 1. Let g(v) = 5*a(v) - k(v). Give g(d).
-14
Let y(z) = z**2 + z - 1. Let i(j) = 8*j - 6. Let g(h) = i(h) - y(h). Let v(b) = -6 + 11 - b + 6. Let f be v(6). What is g(f)?
5
Let f(c) = 4 - 10*c - 2*c + 10*c. Give f(5).
-6
Let j(k) = -k**2 - 6*k - 41 + 16 + 21. Let m(b) = b**3 - 3*b**2 - 3*b + 4. Let p be m(3). What is j(p)?
1
Let a(n) be the first derivative of n**4/12 - n**3/6 - n**2/2 - 2*n - 1. Let o(d) be the first derivative of a(d). Give o(1).
-1
Let n(y) be the second derivative of -y**4/6 - 4*y**3/3 - 7*y**2/2 - 2*y. What is n(-5)?
-17
Let x(n) be the first derivative of 3 - 5*n + 3/2*n**2. Give x(4).
7
Let d(g) be the second derivative of g**6/720 + 11*g**5/120 + g**4/12 + 2*g. Let n(a) be the third derivative of d(a). Calculate n(-6).
5
Let g(a) = -a. Let b(o) = 15*o - 1. Let i(z) = b(z) + 6*g(z). Let x be (-1)/(-1)*1 + 0. What is i(x)?
8
Suppose 0 = f + 2*f. Suppose 7*r - 6*r = f. Let t(g) = g - 2. Calculate t(r).
-2
Let h(c) = c**3 - 3*c**2 - 6*c + 3. Let w(f) = f + 9. Let z be w(-5). Give h(z).
-5
Suppose 3*w - 10 = -7. Let i(x) = x**3 + x**2 - 1. Give i(w).
1
Let p(z) = z - 2. Let x = 0 - -2. Suppose 2*t + 2*a + 18 = -0*t, -3*a - 2 = -x*t. Give p(t).
-7
Let c(d) = -d + 2. Let t(x) = 13*x + 71. Let p be t(-5). Determine c(p).
-4
Let c(d) = d - 5. Suppose 0*s + 2 = s. Suppose 0 = -4*t + 4*i - 4, 4*i + 13 + 7 = -s*t. Give c(t).
-9
Let j(y) = -y + 4. Let z(b) = -b**2 + 13*b - 3. Let w be z(13). Determine j(w).
7
Let p(l) = -l**3 + 4*l**2 - l - 1. Let t(x) = 2*x - 9. Let c be t(6). Suppose 0 = 2*o - c*o + 4. Suppose -o*z = -4*s + 3 - 7, z = -s + 5. Give p(z).
5
Let a(x) be the third derivative of 0*x**3 + x**2 + 0*x - 7/60*x**5 + 0 + 1/24*x**4. Calculate a(-1).
-8
Let k(y) = 5*y**2 - y. Let f(l) be the first derivative of 1/3*l**3 - 3 - l - 1/2*l**2. Let n(c) = 6*f(c) - k(c). Calculate n(5).
-6
Let l = 5 + 0. Let k(r) = -4*r - 1. Let d(h) = 4*h + 1. Let b(c) = l*k(c) + 4*d(c). Calculate b(-3).
11
Let z(q) be the first derivative of -6*q + 1/4*q**4 + 1/3*q**3 - 6 + 0*q**2. What is z(0)?
-6
Let q(y) = 3*y + 3. Let s(j) = 2*j**2 + 6*j. Let w be s(-4). Let g be (0 - -1) + (6 - 5). Suppose 6*z + x + 11 = g*z, -4*z - 4*x = w. Give q(z).
-6
Let b be 1*((-5 - -3) + 3). Let x be (-6)/1*(0 + b). Let l(w) be the third derivative of w**4/24 + 4*w**3/3 + 2*w**2. Calculate l(x).
2
Let l(d) = -d. Let n be (0/(-2))/((-1)/1). Determine l(n).
0
Let f(x) = 6*x**2 - 8*x + 10. Let u(o) = 7*o**2 - 9*o + 11. Suppose 0 = -0*z + 4*z - 24. Suppose 0 = -v + z. Let m(g) = v*f(g) - 5*u(g). Give m(4).
9
Let u(r) = r**2 - 11. Let v(y) = -y**2 + 11. Let k(w) = 2*u(w) + 3*v(w). Calculate k(0).
11
Suppose 7 = 5*j - 3. Let f(i) be the first derivative of 2 - 4*i**2 + 4*i**2 + i - i**j. Give f(-3).
7
Let o(n) = 0 + 3*n - 2*n - 1. Let h(k) = 3*k + 3. Let i(d) = -h(d) + 4*o(d). What is i(3)?
-4
Let d(q) = 11*q**3 - 8*q**2 + 11*q + 4. Let c(v) = -4*v**3 + 3*v**2 - 4*v - 1. Let j(u) = 8*c(u) + 3*d(u). Give j(0).
4
Suppose 6*w = w - 4*k + 18, 0 = 5*w - 3*k - 4. Let h(g) = w - 2*g + 9*g + g**2 + 3. Calculate h(-6).
-1
Let q be 3 + (-17 - (-4)/2). Let d be (4 + -6)/(2/q). Suppose -3*t + d + 0 = 0. Let l(j) = -j + 9. What is l(t)?
5
Let u(r) be the second derivative of -r**3/6 + 7*r**2/2 - 8*r. Calculate u(6).
1
Let d(m) be the first derivative of m**3/3 - 3*m**2 - 6*m - 25. Give d(5).
-11
Let o(g) be the third derivative of g**8/6720 - g**7/504 + g**6/720 + g**5/40 + g**4/4 + 5*g**2. Let z(t) be the second derivative of o(t). What is z(5)?
8
Let c(s) = 2*s - 4. Let o(m) = m - 2. Let j(w) = 4*c(w) - 9*o(w). What is j(2)?
0
Let w be 5 + -2 + 3/1. Let f(p) = 4 - 4*p - 3*p + w*p. Determine f(2).
2
Suppose -22 = -5*h + 3. Suppose -3*t + 10 = -7*t + h*l, -2*l + 4 = -3*t. Let p(b) = b**2 + 4. What is p(t)?
4
Let q(u) = u - 2. Le